{"id":1697,"date":"2024-12-23T10:09:18","date_gmt":"2024-12-23T09:09:18","guid":{"rendered":"https:\/\/www.the-essence.com\/?post_type=tribe_events&#038;p=1697"},"modified":"2025-10-14T09:27:33","modified_gmt":"2025-10-14T07:27:33","slug":"selbstverwirklichung-mit-yoga-und-meditation","status":"publish","type":"tribe_events","link":"https:\/\/www.the-essence.com\/en\/event\/selbstverwirklichung-mit-yoga-und-meditation\/","title":{"rendered":"Selbstverwirklichung mit Yoga und Meditation"},"content":{"rendered":"<p>Ganz gleich, ob du bereits Erfahrung mit Yoga oder Meditation hast, beim Zoom-Online-Kurs liegst du auf jedem Fall richtig. Ob es nun darum geht, eine bereits bestehende, regelm\u00e4\u00dfige Yoga-Praxis durch Meditation zu vertiefen oder Meditation direkt zu erlernen \u2013 wenn dein Ziel ist, dass Spektrum deiner M\u00f6glichkeiten zu erweitern, ist der SYM Online Kurs die perfekte Wahl. Ebenso, wie das \u00fcbliche Verst\u00e4ndnis \u00fcber das Wesen der Meditation limitiert ist, so ist auch die Annahme, dass Yoga lediglich ein System von speziellen K\u00f6rper-\u00dcbungen ist, ein weit verbreiteter Irrtum. Das Ziel in beiden F\u00e4llen ist Befreiung. Befreiung jedoch, kann nicht gelehrt werden \u2013 sie geschieht durch \u00dcbertragung. Mit dem Zoom-Online-Kurs bietet sich dir die seltene Gelegenheit regelm\u00e4\u00dfig in Gegenwart eines echten Meisters zu meditieren. <\/p>\n<p>Die Teilnahme ist kostenfrei.<\/p>\n<p>Die Zusammenk\u00fcnfte finden im 14-t\u00e4gigem Rhythmus, jeweils am 1. und am 3. Dienstag des Monats, um 19:30 Uhr statt und dauern 60 Minuten. Die Zuschaltung ist sehr einfach: Vor Beginn der Zoom-Sitzung wird der Verbindungslink per Email zugesendet, beim Anklicken wird der Zugang freigeschaltet.<\/p>\n<p>Die Termine sind also am 04.11., 18.11., 02.12. und am 16.12.2025. <\/p>\n<p>Sollte ein Termin ausfallen, wird er n\u00e4chstm\u00f6glich nachgeholt.<\/p>\n","protected":false},"excerpt":{"rendered":"<p>14-t\u00e4gige Zoom-Meetings<\/p>\n","protected":false},"author":3,"featured_media":1701,"template":"","meta":{"_tribe_events_status":"","_tribe_events_status_reason":"","footnotes":""},"tags":[],"tribe_events_cat":[86],"class_list":["post-1697","tribe_events","type-tribe_events","status-publish","has-post-thumbnail","hentry","tribe_events_cat-online-en","cat_online-en"],"yoast_head":"<!-- This site is optimized with the Yoast SEO plugin v27.5 - https:\/\/yoast.com\/product\/yoast-seo-wordpress\/ -->\n<title>Selbstverwirklichung mit Yoga und Meditation - The Essence<\/title>\n<meta name=\"robots\" content=\"index, follow, max-snippet:-1, max-image-preview:large, max-video-preview:-1\" \/>\n<link rel=\"canonical\" href=\"https:\/\/www.the-essence.com\/en\/event\/selbstverwirklichung-mit-yoga-und-meditation\/\" \/>\n<meta property=\"og:locale\" content=\"en_US\" \/>\n<meta property=\"og:type\" content=\"article\" \/>\n<meta property=\"og:title\" content=\"Selbstverwirklichung mit Yoga und Meditation - The Essence\" \/>\n<meta property=\"og:description\" content=\"14-t\u00e4gige Zoom-Meetings\" \/>\n<meta property=\"og:url\" content=\"https:\/\/www.the-essence.com\/en\/event\/selbstverwirklichung-mit-yoga-und-meditation\/\" \/>\n<meta property=\"og:site_name\" content=\"The Essence\" \/>\n<meta property=\"article:modified_time\" content=\"2025-10-14T07:27:33+00:00\" \/>\n<meta property=\"og:image\" content=\"https:\/\/www.the-essence.com\/wp-content\/uploads\/2024\/12\/the-essence-yoga-meditation-spiritualitaet.jpg\" \/>\n\t<meta property=\"og:image:width\" content=\"850\" \/>\n\t<meta property=\"og:image:height\" content=\"350\" \/>\n\t<meta property=\"og:image:type\" content=\"image\/jpeg\" \/>\n<meta name=\"twitter:card\" content=\"summary_large_image\" \/>\n<meta name=\"twitter:label1\" content=\"Est. reading time\" \/>\n\t<meta name=\"twitter:data1\" content=\"2 minutes\" \/>\n<script type=\"application\/ld+json\" class=\"yoast-schema-graph\">{\"@context\":\"https:\\\/\\\/schema.org\",\"@graph\":[{\"@type\":\"WebPage\",\"@id\":\"https:\\\/\\\/www.the-essence.com\\\/en\\\/event\\\/selbstverwirklichung-mit-yoga-und-meditation\\\/\",\"url\":\"https:\\\/\\\/www.the-essence.com\\\/en\\\/event\\\/selbstverwirklichung-mit-yoga-und-meditation\\\/\",\"name\":\"Selbstverwirklichung mit Yoga und Meditation - The Essence\",\"isPartOf\":{\"@id\":\"https:\\\/\\\/www.the-essence.com\\\/en\\\/#website\"},\"primaryImageOfPage\":{\"@id\":\"https:\\\/\\\/www.the-essence.com\\\/en\\\/event\\\/selbstverwirklichung-mit-yoga-und-meditation\\\/#primaryimage\"},\"image\":{\"@id\":\"https:\\\/\\\/www.the-essence.com\\\/en\\\/event\\\/selbstverwirklichung-mit-yoga-und-meditation\\\/#primaryimage\"},\"thumbnailUrl\":\"https:\\\/\\\/www.the-essence.com\\\/wp-content\\\/uploads\\\/2024\\\/12\\\/the-essence-yoga-meditation-spiritualitaet.jpg\",\"datePublished\":\"2024-12-23T09:09:18+00:00\",\"dateModified\":\"2025-10-14T07:27:33+00:00\",\"breadcrumb\":{\"@id\":\"https:\\\/\\\/www.the-essence.com\\\/en\\\/event\\\/selbstverwirklichung-mit-yoga-und-meditation\\\/#breadcrumb\"},\"inLanguage\":\"en-US\",\"potentialAction\":[{\"@type\":\"ReadAction\",\"target\":[\"https:\\\/\\\/www.the-essence.com\\\/en\\\/event\\\/selbstverwirklichung-mit-yoga-und-meditation\\\/\"]}]},{\"@type\":\"ImageObject\",\"inLanguage\":\"en-US\",\"@id\":\"https:\\\/\\\/www.the-essence.com\\\/en\\\/event\\\/selbstverwirklichung-mit-yoga-und-meditation\\\/#primaryimage\",\"url\":\"https:\\\/\\\/www.the-essence.com\\\/wp-content\\\/uploads\\\/2024\\\/12\\\/the-essence-yoga-meditation-spiritualitaet.jpg\",\"contentUrl\":\"https:\\\/\\\/www.the-essence.com\\\/wp-content\\\/uploads\\\/2024\\\/12\\\/the-essence-yoga-meditation-spiritualitaet.jpg\",\"width\":850,\"height\":350},{\"@type\":\"BreadcrumbList\",\"@id\":\"https:\\\/\\\/www.the-essence.com\\\/en\\\/event\\\/selbstverwirklichung-mit-yoga-und-meditation\\\/#breadcrumb\",\"itemListElement\":[{\"@type\":\"ListItem\",\"position\":1,\"name\":\"Startseite\",\"item\":\"https:\\\/\\\/www.the-essence.com\\\/en\\\/\"},{\"@type\":\"ListItem\",\"position\":2,\"name\":\"Events\",\"item\":\"https:\\\/\\\/www.the-essence.com\\\/en\\\/events\\\/\"},{\"@type\":\"ListItem\",\"position\":3,\"name\":\"Selbstverwirklichung mit Yoga und Meditation\"}]},{\"@type\":\"WebSite\",\"@id\":\"https:\\\/\\\/www.the-essence.com\\\/en\\\/#website\",\"url\":\"https:\\\/\\\/www.the-essence.com\\\/en\\\/\",\"name\":\"The Essence\",\"description\":\"Integrale Schule f\u00fcr formlose Mystik\",\"publisher\":{\"@id\":\"https:\\\/\\\/www.the-essence.com\\\/en\\\/#organization\"},\"potentialAction\":[{\"@type\":\"SearchAction\",\"target\":{\"@type\":\"EntryPoint\",\"urlTemplate\":\"https:\\\/\\\/www.the-essence.com\\\/en\\\/?s={search_term_string}\"},\"query-input\":{\"@type\":\"PropertyValueSpecification\",\"valueRequired\":true,\"valueName\":\"search_term_string\"}}],\"inLanguage\":\"en-US\"},{\"@type\":\"Organization\",\"@id\":\"https:\\\/\\\/www.the-essence.com\\\/en\\\/#organization\",\"name\":\"The Essence\",\"url\":\"https:\\\/\\\/www.the-essence.com\\\/en\\\/\",\"logo\":{\"@type\":\"ImageObject\",\"inLanguage\":\"en-US\",\"@id\":\"https:\\\/\\\/www.the-essence.com\\\/en\\\/#\\\/schema\\\/logo\\\/image\\\/\",\"url\":\"https:\\\/\\\/www.the-essence.com\\\/wp-content\\\/uploads\\\/2021\\\/12\\\/the-essence-logo-3.png\",\"contentUrl\":\"https:\\\/\\\/www.the-essence.com\\\/wp-content\\\/uploads\\\/2021\\\/12\\\/the-essence-logo-3.png\",\"width\":1000,\"height\":417,\"caption\":\"The Essence\"},\"image\":{\"@id\":\"https:\\\/\\\/www.the-essence.com\\\/en\\\/#\\\/schema\\\/logo\\\/image\\\/\"}}]}<\/script>\n<!-- \/ Yoast SEO plugin. -->","yoast_head_json":{"title":"Selbstverwirklichung mit Yoga und Meditation - The Essence","robots":{"index":"index","follow":"follow","max-snippet":"max-snippet:-1","max-image-preview":"max-image-preview:large","max-video-preview":"max-video-preview:-1"},"canonical":"https:\/\/www.the-essence.com\/en\/event\/selbstverwirklichung-mit-yoga-und-meditation\/","og_locale":"en_US","og_type":"article","og_title":"Selbstverwirklichung mit Yoga und Meditation - The Essence","og_description":"14-t\u00e4gige Zoom-Meetings","og_url":"https:\/\/www.the-essence.com\/en\/event\/selbstverwirklichung-mit-yoga-und-meditation\/","og_site_name":"The Essence","article_modified_time":"2025-10-14T07:27:33+00:00","og_image":[{"width":850,"height":350,"url":"https:\/\/www.the-essence.com\/wp-content\/uploads\/2024\/12\/the-essence-yoga-meditation-spiritualitaet.jpg","type":"image\/jpeg"}],"twitter_card":"summary_large_image","twitter_misc":{"Est. reading time":"2 minutes"},"schema":{"@context":"https:\/\/schema.org","@graph":[{"@type":"WebPage","@id":"https:\/\/www.the-essence.com\/en\/event\/selbstverwirklichung-mit-yoga-und-meditation\/","url":"https:\/\/www.the-essence.com\/en\/event\/selbstverwirklichung-mit-yoga-und-meditation\/","name":"Selbstverwirklichung mit Yoga und Meditation - The Essence","isPartOf":{"@id":"https:\/\/www.the-essence.com\/en\/#website"},"primaryImageOfPage":{"@id":"https:\/\/www.the-essence.com\/en\/event\/selbstverwirklichung-mit-yoga-und-meditation\/#primaryimage"},"image":{"@id":"https:\/\/www.the-essence.com\/en\/event\/selbstverwirklichung-mit-yoga-und-meditation\/#primaryimage"},"thumbnailUrl":"https:\/\/www.the-essence.com\/wp-content\/uploads\/2024\/12\/the-essence-yoga-meditation-spiritualitaet.jpg","datePublished":"2024-12-23T09:09:18+00:00","dateModified":"2025-10-14T07:27:33+00:00","breadcrumb":{"@id":"https:\/\/www.the-essence.com\/en\/event\/selbstverwirklichung-mit-yoga-und-meditation\/#breadcrumb"},"inLanguage":"en-US","potentialAction":[{"@type":"ReadAction","target":["https:\/\/www.the-essence.com\/en\/event\/selbstverwirklichung-mit-yoga-und-meditation\/"]}]},{"@type":"ImageObject","inLanguage":"en-US","@id":"https:\/\/www.the-essence.com\/en\/event\/selbstverwirklichung-mit-yoga-und-meditation\/#primaryimage","url":"https:\/\/www.the-essence.com\/wp-content\/uploads\/2024\/12\/the-essence-yoga-meditation-spiritualitaet.jpg","contentUrl":"https:\/\/www.the-essence.com\/wp-content\/uploads\/2024\/12\/the-essence-yoga-meditation-spiritualitaet.jpg","width":850,"height":350},{"@type":"BreadcrumbList","@id":"https:\/\/www.the-essence.com\/en\/event\/selbstverwirklichung-mit-yoga-und-meditation\/#breadcrumb","itemListElement":[{"@type":"ListItem","position":1,"name":"Startseite","item":"https:\/\/www.the-essence.com\/en\/"},{"@type":"ListItem","position":2,"name":"Events","item":"https:\/\/www.the-essence.com\/en\/events\/"},{"@type":"ListItem","position":3,"name":"Selbstverwirklichung mit Yoga und Meditation"}]},{"@type":"WebSite","@id":"https:\/\/www.the-essence.com\/en\/#website","url":"https:\/\/www.the-essence.com\/en\/","name":"The Essence","description":"Integrale Schule f\u00fcr formlose Mystik","publisher":{"@id":"https:\/\/www.the-essence.com\/en\/#organization"},"potentialAction":[{"@type":"SearchAction","target":{"@type":"EntryPoint","urlTemplate":"https:\/\/www.the-essence.com\/en\/?s={search_term_string}"},"query-input":{"@type":"PropertyValueSpecification","valueRequired":true,"valueName":"search_term_string"}}],"inLanguage":"en-US"},{"@type":"Organization","@id":"https:\/\/www.the-essence.com\/en\/#organization","name":"The Essence","url":"https:\/\/www.the-essence.com\/en\/","logo":{"@type":"ImageObject","inLanguage":"en-US","@id":"https:\/\/www.the-essence.com\/en\/#\/schema\/logo\/image\/","url":"https:\/\/www.the-essence.com\/wp-content\/uploads\/2021\/12\/the-essence-logo-3.png","contentUrl":"https:\/\/www.the-essence.com\/wp-content\/uploads\/2021\/12\/the-essence-logo-3.png","width":1000,"height":417,"caption":"The Essence"},"image":{"@id":"https:\/\/www.the-essence.com\/en\/#\/schema\/logo\/image\/"}}]}},"_links":{"self":[{"href":"https:\/\/www.the-essence.com\/en\/wp-json\/wp\/v2\/tribe_events\/1697","targetHints":{"allow":["GET"]}}],"collection":[{"href":"https:\/\/www.the-essence.com\/en\/wp-json\/wp\/v2\/tribe_events"}],"about":[{"href":"https:\/\/www.the-essence.com\/en\/wp-json\/wp\/v2\/types\/tribe_events"}],"author":[{"embeddable":true,"href":"https:\/\/www.the-essence.com\/en\/wp-json\/wp\/v2\/users\/3"}],"version-history":[{"count":2,"href":"https:\/\/www.the-essence.com\/en\/wp-json\/wp\/v2\/tribe_events\/1697\/revisions"}],"predecessor-version":[{"id":1720,"href":"https:\/\/www.the-essence.com\/en\/wp-json\/wp\/v2\/tribe_events\/1697\/revisions\/1720"}],"wp:featuredmedia":[{"embeddable":true,"href":"https:\/\/www.the-essence.com\/en\/wp-json\/wp\/v2\/media\/1701"}],"wp:attachment":[{"href":"https:\/\/www.the-essence.com\/en\/wp-json\/wp\/v2\/media?parent=1697"}],"wp:term":[{"taxonomy":"post_tag","embeddable":true,"href":"https:\/\/www.the-essence.com\/en\/wp-json\/wp\/v2\/tags?post=1697"},{"taxonomy":"tribe_events_cat","embeddable":true,"href":"https:\/\/www.the-essence.com\/en\/wp-json\/wp\/v2\/tribe_events_cat?post=1697"}],"curies":[{"name":"wp","href":"https:\/\/api.w.org\/{rel}","templated":true}]}}

<p>Ganz gleich, ob du bereits Erfahrung mit Yoga oder Meditation hast, beim Zoom-Online-Kurs liegst du auf jedem Fall richtig. Ob es nun darum geht, eine bereits bestehende, regelmäßige Yoga-Praxis durch Meditation zu vertiefen oder Meditation direkt zu erlernen – wenn dein Ziel ist, dass Spektrum deiner Möglichkeiten zu erweitern, ist der SYM Online Kurs die perfekte Wahl. Ebenso, wie das übliche Verständnis über das Wesen der Meditation limitiert ist, so ist auch die Annahme, dass Yoga lediglich ein System von speziellen Körper-Übungen ist, ein weit verbreiteter Irrtum. Das Ziel in beiden Fällen ist Befreiung. Befreiung jedoch, kann nicht gelehrt werden – sie geschieht durch Übertragung. Mit dem Zoom-Online-Kurs bietet sich dir die seltene Gelegenheit regelmäßig in Gegenwart eines echten Meisters zu meditieren. </p>
<p>Die Teilnahme ist kostenfrei.</p>
<p>Die Zusammenkünfte finden im 14-tägigem Rhythmus, jeweils am 1. und am 3. Dienstag des Monats, um 19:30 Uhr statt und dauern 60 Minuten. Die Zuschaltung ist sehr einfach: Vor Beginn der Zoom-Sitzung wird der Verbindungslink per Email zugesendet, beim Anklicken wird der Zugang freigeschaltet.</p>
<p>Die Termine sind also am 04.11., 18.11., 02.12. und am 16.12.2025. </p>
<p>Sollte ein Termin ausfallen, wird er nächstmöglich nachgeholt.</p>

<p>14-tägige Zoom-Meetings</p>

<!-- This site is optimized with the Yoast SEO plugin v27.5 - https://yoast.com/product/yoast-seo-wordpress/ -->
<title>Selbstverwirklichung mit Yoga und Meditation - The Essence</title>
<meta name="robots" content="index, follow, max-snippet:-1, max-image-preview:large, max-video-preview:-1" />
<link rel="canonical" href="https://www.the-essence.com/en/event/selbstverwirklichung-mit-yoga-und-meditation/" />
<meta property="og:locale" content="en_US" />
<meta property="og:type" content="article" />
<meta property="og:title" content="Selbstverwirklichung mit Yoga und Meditation - The Essence" />
<meta property="og:description" content="14-tägige Zoom-Meetings" />
<meta property="og:url" content="https://www.the-essence.com/en/event/selbstverwirklichung-mit-yoga-und-meditation/" />
<meta property="og:site_name" content="The Essence" />
<meta property="article:modified_time" content="2025-10-14T07:27:33+00:00" />
<meta property="og:image" content="https://www.the-essence.com/wp-content/uploads/2024/12/the-essence-yoga-meditation-spiritualitaet.jpg" />
	<meta property="og:image:width" content="850" />
	<meta property="og:image:height" content="350" />
	<meta property="og:image:type" content="image/jpeg" />
<meta name="twitter:card" content="summary_large_image" />
<meta name="twitter:label1" content="Est. reading time" />
	<meta name="twitter:data1" content="2 minutes" />
<script type="application/ld+json" class="yoast-schema-graph">{"@context":"https:\/\/schema.org","@graph":[{"@type":"WebPage","@id":"https:\/\/www.the-essence.com\/en\/event\/selbstverwirklichung-mit-yoga-und-meditation\/","url":"https:\/\/www.the-essence.com\/en\/event\/selbstverwirklichung-mit-yoga-und-meditation\/","name":"Selbstverwirklichung mit Yoga und Meditation - The Essence","isPartOf":{"@id":"https:\/\/www.the-essence.com\/en\/#website"},"primaryImageOfPage":{"@id":"https:\/\/www.the-essence.com\/en\/event\/selbstverwirklichung-mit-yoga-und-meditation\/#primaryimage"},"image":{"@id":"https:\/\/www.the-essence.com\/en\/event\/selbstverwirklichung-mit-yoga-und-meditation\/#primaryimage"},"thumbnailUrl":"https:\/\/www.the-essence.com\/wp-content\/uploads\/2024\/12\/the-essence-yoga-meditation-spiritualitaet.jpg","datePublished":"2024-12-23T09:09:18+00:00","dateModified":"2025-10-14T07:27:33+00:00","breadcrumb":{"@id":"https:\/\/www.the-essence.com\/en\/event\/selbstverwirklichung-mit-yoga-und-meditation\/#breadcrumb"},"inLanguage":"en-US","potentialAction":[{"@type":"ReadAction","target":["https:\/\/www.the-essence.com\/en\/event\/selbstverwirklichung-mit-yoga-und-meditation\/"]}]},{"@type":"ImageObject","inLanguage":"en-US","@id":"https:\/\/www.the-essence.com\/en\/event\/selbstverwirklichung-mit-yoga-und-meditation\/#primaryimage","url":"https:\/\/www.the-essence.com\/wp-content\/uploads\/2024\/12\/the-essence-yoga-meditation-spiritualitaet.jpg","contentUrl":"https:\/\/www.the-essence.com\/wp-content\/uploads\/2024\/12\/the-essence-yoga-meditation-spiritualitaet.jpg","width":850,"height":350},{"@type":"BreadcrumbList","@id":"https:\/\/www.the-essence.com\/en\/event\/selbstverwirklichung-mit-yoga-und-meditation\/#breadcrumb","itemListElement":[{"@type":"ListItem","position":1,"name":"Startseite","item":"https:\/\/www.the-essence.com\/en\/"},{"@type":"ListItem","position":2,"name":"Events","item":"https:\/\/www.the-essence.com\/en\/events\/"},{"@type":"ListItem","position":3,"name":"Selbstverwirklichung mit Yoga und Meditation"}]},{"@type":"WebSite","@id":"https:\/\/www.the-essence.com\/en\/#website","url":"https:\/\/www.the-essence.com\/en\/","name":"The Essence","description":"Integrale Schule für formlose Mystik","publisher":{"@id":"https:\/\/www.the-essence.com\/en\/#organization"},"potentialAction":[{"@type":"SearchAction","target":{"@type":"EntryPoint","urlTemplate":"https:\/\/www.the-essence.com\/en\/?s={search_term_string}"},"query-input":{"@type":"PropertyValueSpecification","valueRequired":true,"valueName":"search_term_string"}}],"inLanguage":"en-US"},{"@type":"Organization","@id":"https:\/\/www.the-essence.com\/en\/#organization","name":"The Essence","url":"https:\/\/www.the-essence.com\/en\/","logo":{"@type":"ImageObject","inLanguage":"en-US","@id":"https:\/\/www.the-essence.com\/en\/#\/schema\/logo\/image\/","url":"https:\/\/www.the-essence.com\/wp-content\/uploads\/2021\/12\/the-essence-logo-3.png","contentUrl":"https:\/\/www.the-essence.com\/wp-content\/uploads\/2021\/12\/the-essence-logo-3.png","width":1000,"height":417,"caption":"The Essence"},"image":{"@id":"https:\/\/www.the-essence.com\/en\/#\/schema\/logo\/image\/"}}]}</script>
<!-- / Yoast SEO plugin. -->

14-tägige Zoom-Meetings

Integrale Schule für formlose Mystik
