{"id":1664,"date":"2024-12-11T09:43:17","date_gmt":"2024-12-11T08:43:17","guid":{"rendered":"https:\/\/www.the-essence.com\/event\/the-essence-annual-group-2025\/"},"modified":"2025-10-14T09:28:44","modified_gmt":"2025-10-14T07:28:44","slug":"the-essence-annual-group-2025","status":"publish","type":"tribe_events","link":"https:\/\/www.the-essence.com\/en\/event\/the-essence-annual-group-2025\/","title":{"rendered":"The Essence Annual Group 2025"},"content":{"rendered":"<h3>The Essence Annual Group 2025<\/h3>\n<p>Um uns pers\u00f6nlich weiter zu entwickeln, m\u00fcssen zwei wesentliche Dimensionen unserer Entwicklung ber\u00fccksichtigt werden \u2013 Unsere spirituelle und unsere psychische Entwicklung. Das Zusammenwirken dieser beiden Dimensionen gleicht dem Zusammenwirken der beiden Fl\u00fcgel eines Vogels: Wir m\u00fcssen es lernen zu verstehen, wie sie zusammenh\u00e4ngen und zusammen wirken.<br \/>\nIn der Jahresgruppe lernst du, diese beiden Dimensionen zu erkunden und sich mit ihnen vertraut zu machen. Nicht durch akademisches Studium, sondern durch lebendiges Erleben. Besonders die Gemeinschaft und der Austausch mit anderen \u00bbReisenden\u00ab k\u00f6nnen dabei von gro\u00dfem Nutzen sein. Die Ergebnisse sind tiefgreifend und direkt wahrnehmbar. Schon durch die regelm\u00e4\u00dfigen Treffen per Zoom wird sich dein Verst\u00e4ndnis und dein Blick auf dich, die Menschen um dich herum und dein Leben Schritt f\u00fcr Schritt wahrnehmbar vertiefen und erweitern. In zus\u00e4tzlichen Workshops, wie dem Ein-Wochen-Retreat lernst du m\u00e4chtige Werkzeuge kennen, die deine pers\u00f6nliche Entwicklung massiv beschleunigen.      <\/p>\n<p>Die Teilnahme ist kostenlos.<\/p>\n<p>Die Laufzeit der Jahresgruppe umfasst den Zeitraum des Jahres 2025. Sie endet mit Ablauf des Jahres. Ein sp\u00e4terer Einstieg in die Jahresgruppe ist jeweils zu Beginn eines neuen Quartals m\u00f6glich, die Laufzeit verl\u00e4ngert sich entsprechend.  <\/p>\n<p>Die Jahresgruppe beinhaltet zwei (bzw. drei) Teile:<\/p>\n<p><strong>1. Regelm\u00e4\u00dfige Zusammenk\u00fcnfte online per Zoom 2x monatlich<\/strong><br \/>\n<strong>2. Die kostenlose Teilnahme an einem der beiden Einwochen-Retreats (frei w\u00e4hlbar)<\/strong><br \/>\n<strong>3. Option der Teilnahme an einem weiteren Retreat<\/strong><\/p>\n<h3>Regelm\u00e4\u00dfige Zusammenk\u00fcnfte online per Zoom<\/h3>\n<p>Die Zusammenk\u00fcnfte finden im 14-t\u00e4gigem Rhythmus, jeweils am 2. und am 4. Dienstag des Monats, um 19:30 Uhr statt und dauern 75 Minuten. Die Zuschaltung ist sehr einfach: Vor Beginn der Zoom-Sitzung wird der Verbindungslink per Email zugesendet, beim Anklicken wird der Zugang freigeschaltet. <\/p>\n<p>Die Termine sind also am 28.10., 11.11., 25.11., 09.12. und am 23.12.2025. <\/p>\n","protected":false},"excerpt":{"rendered":"<p>Retreats vor Ort und Zoom-Meetings<\/p>\n","protected":false},"author":3,"featured_media":1214,"template":"","meta":{"_tribe_events_status":"","_tribe_events_status_reason":"","footnotes":""},"tags":[],"tribe_events_cat":[],"class_list":["post-1664","tribe_events","type-tribe_events","status-publish","has-post-thumbnail","hentry"],"yoast_head":"<!-- This site is optimized with the Yoast SEO plugin v27.5 - https:\/\/yoast.com\/product\/yoast-seo-wordpress\/ -->\n<title>The Essence Annual Group 2025 - The Essence<\/title>\n<meta name=\"robots\" content=\"index, follow, max-snippet:-1, max-image-preview:large, max-video-preview:-1\" \/>\n<link rel=\"canonical\" href=\"https:\/\/www.the-essence.com\/en\/event\/the-essence-annual-group-2025\/\" \/>\n<meta property=\"og:locale\" content=\"en_US\" \/>\n<meta property=\"og:type\" content=\"article\" \/>\n<meta property=\"og:title\" content=\"The Essence Annual Group 2025 - The Essence\" \/>\n<meta property=\"og:description\" content=\"Retreats vor Ort und Zoom-Meetings\" \/>\n<meta property=\"og:url\" content=\"https:\/\/www.the-essence.com\/en\/event\/the-essence-annual-group-2025\/\" \/>\n<meta property=\"og:site_name\" content=\"The Essence\" \/>\n<meta property=\"article:modified_time\" content=\"2025-10-14T07:28:44+00:00\" \/>\n<meta property=\"og:image\" content=\"https:\/\/www.the-essence.com\/wp-content\/uploads\/2022\/02\/the-essence-schule-formlose-mystik-yoga-header-opt.jpg\" \/>\n\t<meta property=\"og:image:width\" content=\"1600\" \/>\n\t<meta property=\"og:image:height\" content=\"900\" \/>\n\t<meta property=\"og:image:type\" content=\"image\/jpeg\" \/>\n<meta name=\"twitter:card\" content=\"summary_large_image\" \/>\n<meta name=\"twitter:label1\" content=\"Est. reading time\" \/>\n\t<meta name=\"twitter:data1\" content=\"1 minute\" \/>\n<script type=\"application\/ld+json\" class=\"yoast-schema-graph\">{\"@context\":\"https:\\\/\\\/schema.org\",\"@graph\":[{\"@type\":\"WebPage\",\"@id\":\"https:\\\/\\\/www.the-essence.com\\\/en\\\/event\\\/the-essence-annual-group-2025\\\/\",\"url\":\"https:\\\/\\\/www.the-essence.com\\\/en\\\/event\\\/the-essence-annual-group-2025\\\/\",\"name\":\"The Essence Annual Group 2025 - The Essence\",\"isPartOf\":{\"@id\":\"https:\\\/\\\/www.the-essence.com\\\/en\\\/#website\"},\"primaryImageOfPage\":{\"@id\":\"https:\\\/\\\/www.the-essence.com\\\/en\\\/event\\\/the-essence-annual-group-2025\\\/#primaryimage\"},\"image\":{\"@id\":\"https:\\\/\\\/www.the-essence.com\\\/en\\\/event\\\/the-essence-annual-group-2025\\\/#primaryimage\"},\"thumbnailUrl\":\"https:\\\/\\\/www.the-essence.com\\\/wp-content\\\/uploads\\\/2022\\\/02\\\/the-essence-schule-formlose-mystik-yoga-header-opt.jpg\",\"datePublished\":\"2024-12-11T08:43:17+00:00\",\"dateModified\":\"2025-10-14T07:28:44+00:00\",\"breadcrumb\":{\"@id\":\"https:\\\/\\\/www.the-essence.com\\\/en\\\/event\\\/the-essence-annual-group-2025\\\/#breadcrumb\"},\"inLanguage\":\"en-US\",\"potentialAction\":[{\"@type\":\"ReadAction\",\"target\":[\"https:\\\/\\\/www.the-essence.com\\\/en\\\/event\\\/the-essence-annual-group-2025\\\/\"]}]},{\"@type\":\"ImageObject\",\"inLanguage\":\"en-US\",\"@id\":\"https:\\\/\\\/www.the-essence.com\\\/en\\\/event\\\/the-essence-annual-group-2025\\\/#primaryimage\",\"url\":\"https:\\\/\\\/www.the-essence.com\\\/wp-content\\\/uploads\\\/2022\\\/02\\\/the-essence-schule-formlose-mystik-yoga-header-opt.jpg\",\"contentUrl\":\"https:\\\/\\\/www.the-essence.com\\\/wp-content\\\/uploads\\\/2022\\\/02\\\/the-essence-schule-formlose-mystik-yoga-header-opt.jpg\",\"width\":1600,\"height\":900,\"caption\":\"Header von The Essence \u2013 Formlose Mystik Yoga\"},{\"@type\":\"BreadcrumbList\",\"@id\":\"https:\\\/\\\/www.the-essence.com\\\/en\\\/event\\\/the-essence-annual-group-2025\\\/#breadcrumb\",\"itemListElement\":[{\"@type\":\"ListItem\",\"position\":1,\"name\":\"Startseite\",\"item\":\"https:\\\/\\\/www.the-essence.com\\\/en\\\/\"},{\"@type\":\"ListItem\",\"position\":2,\"name\":\"Events\",\"item\":\"https:\\\/\\\/www.the-essence.com\\\/en\\\/events\\\/\"},{\"@type\":\"ListItem\",\"position\":3,\"name\":\"The Essence Annual Group 2025\"}]},{\"@type\":\"WebSite\",\"@id\":\"https:\\\/\\\/www.the-essence.com\\\/en\\\/#website\",\"url\":\"https:\\\/\\\/www.the-essence.com\\\/en\\\/\",\"name\":\"The Essence\",\"description\":\"Integrale Schule f\u00fcr formlose Mystik\",\"publisher\":{\"@id\":\"https:\\\/\\\/www.the-essence.com\\\/en\\\/#organization\"},\"potentialAction\":[{\"@type\":\"SearchAction\",\"target\":{\"@type\":\"EntryPoint\",\"urlTemplate\":\"https:\\\/\\\/www.the-essence.com\\\/en\\\/?s={search_term_string}\"},\"query-input\":{\"@type\":\"PropertyValueSpecification\",\"valueRequired\":true,\"valueName\":\"search_term_string\"}}],\"inLanguage\":\"en-US\"},{\"@type\":\"Organization\",\"@id\":\"https:\\\/\\\/www.the-essence.com\\\/en\\\/#organization\",\"name\":\"The Essence\",\"url\":\"https:\\\/\\\/www.the-essence.com\\\/en\\\/\",\"logo\":{\"@type\":\"ImageObject\",\"inLanguage\":\"en-US\",\"@id\":\"https:\\\/\\\/www.the-essence.com\\\/en\\\/#\\\/schema\\\/logo\\\/image\\\/\",\"url\":\"https:\\\/\\\/www.the-essence.com\\\/wp-content\\\/uploads\\\/2021\\\/12\\\/the-essence-logo-3.png\",\"contentUrl\":\"https:\\\/\\\/www.the-essence.com\\\/wp-content\\\/uploads\\\/2021\\\/12\\\/the-essence-logo-3.png\",\"width\":1000,\"height\":417,\"caption\":\"The Essence\"},\"image\":{\"@id\":\"https:\\\/\\\/www.the-essence.com\\\/en\\\/#\\\/schema\\\/logo\\\/image\\\/\"}}]}<\/script>\n<!-- \/ Yoast SEO plugin. -->","yoast_head_json":{"title":"The Essence Annual Group 2025 - The Essence","robots":{"index":"index","follow":"follow","max-snippet":"max-snippet:-1","max-image-preview":"max-image-preview:large","max-video-preview":"max-video-preview:-1"},"canonical":"https:\/\/www.the-essence.com\/en\/event\/the-essence-annual-group-2025\/","og_locale":"en_US","og_type":"article","og_title":"The Essence Annual Group 2025 - The Essence","og_description":"Retreats vor Ort und Zoom-Meetings","og_url":"https:\/\/www.the-essence.com\/en\/event\/the-essence-annual-group-2025\/","og_site_name":"The Essence","article_modified_time":"2025-10-14T07:28:44+00:00","og_image":[{"width":1600,"height":900,"url":"https:\/\/www.the-essence.com\/wp-content\/uploads\/2022\/02\/the-essence-schule-formlose-mystik-yoga-header-opt.jpg","type":"image\/jpeg"}],"twitter_card":"summary_large_image","twitter_misc":{"Est. reading time":"1 minute"},"schema":{"@context":"https:\/\/schema.org","@graph":[{"@type":"WebPage","@id":"https:\/\/www.the-essence.com\/en\/event\/the-essence-annual-group-2025\/","url":"https:\/\/www.the-essence.com\/en\/event\/the-essence-annual-group-2025\/","name":"The Essence Annual Group 2025 - The Essence","isPartOf":{"@id":"https:\/\/www.the-essence.com\/en\/#website"},"primaryImageOfPage":{"@id":"https:\/\/www.the-essence.com\/en\/event\/the-essence-annual-group-2025\/#primaryimage"},"image":{"@id":"https:\/\/www.the-essence.com\/en\/event\/the-essence-annual-group-2025\/#primaryimage"},"thumbnailUrl":"https:\/\/www.the-essence.com\/wp-content\/uploads\/2022\/02\/the-essence-schule-formlose-mystik-yoga-header-opt.jpg","datePublished":"2024-12-11T08:43:17+00:00","dateModified":"2025-10-14T07:28:44+00:00","breadcrumb":{"@id":"https:\/\/www.the-essence.com\/en\/event\/the-essence-annual-group-2025\/#breadcrumb"},"inLanguage":"en-US","potentialAction":[{"@type":"ReadAction","target":["https:\/\/www.the-essence.com\/en\/event\/the-essence-annual-group-2025\/"]}]},{"@type":"ImageObject","inLanguage":"en-US","@id":"https:\/\/www.the-essence.com\/en\/event\/the-essence-annual-group-2025\/#primaryimage","url":"https:\/\/www.the-essence.com\/wp-content\/uploads\/2022\/02\/the-essence-schule-formlose-mystik-yoga-header-opt.jpg","contentUrl":"https:\/\/www.the-essence.com\/wp-content\/uploads\/2022\/02\/the-essence-schule-formlose-mystik-yoga-header-opt.jpg","width":1600,"height":900,"caption":"Header von The Essence \u2013 Formlose Mystik Yoga"},{"@type":"BreadcrumbList","@id":"https:\/\/www.the-essence.com\/en\/event\/the-essence-annual-group-2025\/#breadcrumb","itemListElement":[{"@type":"ListItem","position":1,"name":"Startseite","item":"https:\/\/www.the-essence.com\/en\/"},{"@type":"ListItem","position":2,"name":"Events","item":"https:\/\/www.the-essence.com\/en\/events\/"},{"@type":"ListItem","position":3,"name":"The Essence Annual Group 2025"}]},{"@type":"WebSite","@id":"https:\/\/www.the-essence.com\/en\/#website","url":"https:\/\/www.the-essence.com\/en\/","name":"The Essence","description":"Integrale Schule f\u00fcr formlose Mystik","publisher":{"@id":"https:\/\/www.the-essence.com\/en\/#organization"},"potentialAction":[{"@type":"SearchAction","target":{"@type":"EntryPoint","urlTemplate":"https:\/\/www.the-essence.com\/en\/?s={search_term_string}"},"query-input":{"@type":"PropertyValueSpecification","valueRequired":true,"valueName":"search_term_string"}}],"inLanguage":"en-US"},{"@type":"Organization","@id":"https:\/\/www.the-essence.com\/en\/#organization","name":"The Essence","url":"https:\/\/www.the-essence.com\/en\/","logo":{"@type":"ImageObject","inLanguage":"en-US","@id":"https:\/\/www.the-essence.com\/en\/#\/schema\/logo\/image\/","url":"https:\/\/www.the-essence.com\/wp-content\/uploads\/2021\/12\/the-essence-logo-3.png","contentUrl":"https:\/\/www.the-essence.com\/wp-content\/uploads\/2021\/12\/the-essence-logo-3.png","width":1000,"height":417,"caption":"The Essence"},"image":{"@id":"https:\/\/www.the-essence.com\/en\/#\/schema\/logo\/image\/"}}]}},"_links":{"self":[{"href":"https:\/\/www.the-essence.com\/en\/wp-json\/wp\/v2\/tribe_events\/1664","targetHints":{"allow":["GET"]}}],"collection":[{"href":"https:\/\/www.the-essence.com\/en\/wp-json\/wp\/v2\/tribe_events"}],"about":[{"href":"https:\/\/www.the-essence.com\/en\/wp-json\/wp\/v2\/types\/tribe_events"}],"author":[{"embeddable":true,"href":"https:\/\/www.the-essence.com\/en\/wp-json\/wp\/v2\/users\/3"}],"version-history":[{"count":1,"href":"https:\/\/www.the-essence.com\/en\/wp-json\/wp\/v2\/tribe_events\/1664\/revisions"}],"predecessor-version":[{"id":1721,"href":"https:\/\/www.the-essence.com\/en\/wp-json\/wp\/v2\/tribe_events\/1664\/revisions\/1721"}],"wp:featuredmedia":[{"embeddable":true,"href":"https:\/\/www.the-essence.com\/en\/wp-json\/wp\/v2\/media\/1214"}],"wp:attachment":[{"href":"https:\/\/www.the-essence.com\/en\/wp-json\/wp\/v2\/media?parent=1664"}],"wp:term":[{"taxonomy":"post_tag","embeddable":true,"href":"https:\/\/www.the-essence.com\/en\/wp-json\/wp\/v2\/tags?post=1664"},{"taxonomy":"tribe_events_cat","embeddable":true,"href":"https:\/\/www.the-essence.com\/en\/wp-json\/wp\/v2\/tribe_events_cat?post=1664"}],"curies":[{"name":"wp","href":"https:\/\/api.w.org\/{rel}","templated":true}]}}

<h3>The Essence Annual Group 2025</h3>
<p>Um uns persönlich weiter zu entwickeln, müssen zwei wesentliche Dimensionen unserer Entwicklung berücksichtigt werden – Unsere spirituelle und unsere psychische Entwicklung. Das Zusammenwirken dieser beiden Dimensionen gleicht dem Zusammenwirken der beiden Flügel eines Vogels: Wir müssen es lernen zu verstehen, wie sie zusammenhängen und zusammen wirken.<br />
In der Jahresgruppe lernst du, diese beiden Dimensionen zu erkunden und sich mit ihnen vertraut zu machen. Nicht durch akademisches Studium, sondern durch lebendiges Erleben. Besonders die Gemeinschaft und der Austausch mit anderen »Reisenden« können dabei von großem Nutzen sein. Die Ergebnisse sind tiefgreifend und direkt wahrnehmbar. Schon durch die regelmäßigen Treffen per Zoom wird sich dein Verständnis und dein Blick auf dich, die Menschen um dich herum und dein Leben Schritt für Schritt wahrnehmbar vertiefen und erweitern. In zusätzlichen Workshops, wie dem Ein-Wochen-Retreat lernst du mächtige Werkzeuge kennen, die deine persönliche Entwicklung massiv beschleunigen.      </p>
<p>Die Teilnahme ist kostenlos.</p>
<p>Die Laufzeit der Jahresgruppe umfasst den Zeitraum des Jahres 2025. Sie endet mit Ablauf des Jahres. Ein späterer Einstieg in die Jahresgruppe ist jeweils zu Beginn eines neuen Quartals möglich, die Laufzeit verlängert sich entsprechend.  </p>
<p>Die Jahresgruppe beinhaltet zwei (bzw. drei) Teile:</p>
<p><strong>1. Regelmäßige Zusammenkünfte online per Zoom 2x monatlich</strong><br />
<strong>2. Die kostenlose Teilnahme an einem der beiden Einwochen-Retreats (frei wählbar)</strong><br />
<strong>3. Option der Teilnahme an einem weiteren Retreat</strong></p>
<h3>Regelmäßige Zusammenkünfte online per Zoom</h3>
<p>Die Zusammenkünfte finden im 14-tägigem Rhythmus, jeweils am 2. und am 4. Dienstag des Monats, um 19:30 Uhr statt und dauern 75 Minuten. Die Zuschaltung ist sehr einfach: Vor Beginn der Zoom-Sitzung wird der Verbindungslink per Email zugesendet, beim Anklicken wird der Zugang freigeschaltet. </p>
<p>Die Termine sind also am 28.10., 11.11., 25.11., 09.12. und am 23.12.2025. </p>

<!-- This site is optimized with the Yoast SEO plugin v27.5 - https://yoast.com/product/yoast-seo-wordpress/ -->
<title>The Essence Annual Group 2025 - The Essence</title>
<meta name="robots" content="index, follow, max-snippet:-1, max-image-preview:large, max-video-preview:-1" />
<link rel="canonical" href="https://www.the-essence.com/en/event/the-essence-annual-group-2025/" />
<meta property="og:locale" content="en_US" />
<meta property="og:type" content="article" />
<meta property="og:title" content="The Essence Annual Group 2025 - The Essence" />
<meta property="og:description" content="Retreats vor Ort und Zoom-Meetings" />
<meta property="og:url" content="https://www.the-essence.com/en/event/the-essence-annual-group-2025/" />
<meta property="og:site_name" content="The Essence" />
<meta property="article:modified_time" content="2025-10-14T07:28:44+00:00" />
<meta property="og:image" content="https://www.the-essence.com/wp-content/uploads/2022/02/the-essence-schule-formlose-mystik-yoga-header-opt.jpg" />
	<meta property="og:image:width" content="1600" />
	<meta property="og:image:height" content="900" />
	<meta property="og:image:type" content="image/jpeg" />
<meta name="twitter:card" content="summary_large_image" />
<meta name="twitter:label1" content="Est. reading time" />
	<meta name="twitter:data1" content="1 minute" />
<script type="application/ld+json" class="yoast-schema-graph">{"@context":"https:\/\/schema.org","@graph":[{"@type":"WebPage","@id":"https:\/\/www.the-essence.com\/en\/event\/the-essence-annual-group-2025\/","url":"https:\/\/www.the-essence.com\/en\/event\/the-essence-annual-group-2025\/","name":"The Essence Annual Group 2025 - The Essence","isPartOf":{"@id":"https:\/\/www.the-essence.com\/en\/#website"},"primaryImageOfPage":{"@id":"https:\/\/www.the-essence.com\/en\/event\/the-essence-annual-group-2025\/#primaryimage"},"image":{"@id":"https:\/\/www.the-essence.com\/en\/event\/the-essence-annual-group-2025\/#primaryimage"},"thumbnailUrl":"https:\/\/www.the-essence.com\/wp-content\/uploads\/2022\/02\/the-essence-schule-formlose-mystik-yoga-header-opt.jpg","datePublished":"2024-12-11T08:43:17+00:00","dateModified":"2025-10-14T07:28:44+00:00","breadcrumb":{"@id":"https:\/\/www.the-essence.com\/en\/event\/the-essence-annual-group-2025\/#breadcrumb"},"inLanguage":"en-US","potentialAction":[{"@type":"ReadAction","target":["https:\/\/www.the-essence.com\/en\/event\/the-essence-annual-group-2025\/"]}]},{"@type":"ImageObject","inLanguage":"en-US","@id":"https:\/\/www.the-essence.com\/en\/event\/the-essence-annual-group-2025\/#primaryimage","url":"https:\/\/www.the-essence.com\/wp-content\/uploads\/2022\/02\/the-essence-schule-formlose-mystik-yoga-header-opt.jpg","contentUrl":"https:\/\/www.the-essence.com\/wp-content\/uploads\/2022\/02\/the-essence-schule-formlose-mystik-yoga-header-opt.jpg","width":1600,"height":900,"caption":"Header von The Essence – Formlose Mystik Yoga"},{"@type":"BreadcrumbList","@id":"https:\/\/www.the-essence.com\/en\/event\/the-essence-annual-group-2025\/#breadcrumb","itemListElement":[{"@type":"ListItem","position":1,"name":"Startseite","item":"https:\/\/www.the-essence.com\/en\/"},{"@type":"ListItem","position":2,"name":"Events","item":"https:\/\/www.the-essence.com\/en\/events\/"},{"@type":"ListItem","position":3,"name":"The Essence Annual Group 2025"}]},{"@type":"WebSite","@id":"https:\/\/www.the-essence.com\/en\/#website","url":"https:\/\/www.the-essence.com\/en\/","name":"The Essence","description":"Integrale Schule für formlose Mystik","publisher":{"@id":"https:\/\/www.the-essence.com\/en\/#organization"},"potentialAction":[{"@type":"SearchAction","target":{"@type":"EntryPoint","urlTemplate":"https:\/\/www.the-essence.com\/en\/?s={search_term_string}"},"query-input":{"@type":"PropertyValueSpecification","valueRequired":true,"valueName":"search_term_string"}}],"inLanguage":"en-US"},{"@type":"Organization","@id":"https:\/\/www.the-essence.com\/en\/#organization","name":"The Essence","url":"https:\/\/www.the-essence.com\/en\/","logo":{"@type":"ImageObject","inLanguage":"en-US","@id":"https:\/\/www.the-essence.com\/en\/#\/schema\/logo\/image\/","url":"https:\/\/www.the-essence.com\/wp-content\/uploads\/2021\/12\/the-essence-logo-3.png","contentUrl":"https:\/\/www.the-essence.com\/wp-content\/uploads\/2021\/12\/the-essence-logo-3.png","width":1000,"height":417,"caption":"The Essence"},"image":{"@id":"https:\/\/www.the-essence.com\/en\/#\/schema\/logo\/image\/"}}]}</script>
<!-- / Yoast SEO plugin. -->

Integrale Schule für formlose Mystik
