{"id":1591,"date":"2024-02-20T14:06:04","date_gmt":"2024-02-20T13:06:04","guid":{"rendered":"https:\/\/www.the-essence.com\/event\/meditation-und-praxis\/"},"modified":"2024-03-06T09:52:57","modified_gmt":"2024-03-06T08:52:57","slug":"meditation-und-praxis","status":"publish","type":"tribe_events","link":"https:\/\/www.the-essence.com\/en\/event\/meditation-und-praxis\/","title":{"rendered":"Meditation and practice"},"content":{"rendered":"<p><strong>Ich feiere meinen spirituellen Geburtstag<\/strong><\/p>\n<p>Ein Ereignis, das du unbedingt in deiner Urlaubsplanung ber\u00fccksichtigen solltest!<br \/>\nZu dieser Feier m\u00f6chte ich all meine Freunde einladen. Meine Vision ist, zu diesem besonderen Anlass mit euch gemeinsam eine Umgebung schaffen, in der wir uns kennenlernen, treffen und austauschen k\u00f6nnen; in der wir feiern und Kontakte schmieden k\u00f6nnen. Alle sind eingeladen, der Eintritt frei!<br \/>\nEinige von Euch kommen sicher von weither. Es muss sich also auch lohnen. So wird es um diesen Termin, dem 23.08.2024 herum, eine Reihe spannender Angebote, Retreats, Workshops usw. geben, die einen Eindruck davon vermitteln sollen, was hier in zwei Jahrzehnten, intensiver Entwicklung so alles entstanden ist.<br \/>\nS\u00e4mtliche Veranstaltungen sind kostenlos bzw. auf Spendenbasis. (Um deine Anmeldung verbindlich zu machen, entrichtest du pro gew\u00e4hltem Seminarteil (1,2 oder 3) eine Anmeldegeb\u00fchr von 200 \u20ac. Der Betrag wird nach der Teilnahme zur\u00fcckerstattet)<\/p>\n<p><strong>Teil 1: Eine Woche gemeinsame Meditation und Praxis <\/strong><\/p>\n<p>Das praktizieren in einer Gemeinschaft ist f\u00fcr deine Entwicklung von au\u00dfergew\u00f6hnlichem Wert. Insofern bietet sich diese ganz besondere Chance. Wenn du noch nicht hier bist, miete dich in Waldm\u00fcnchen ein (wenn du eine g\u00fcnstige Unterkunft suchst bitte melden &#8211; ich habe einige reserviert) Wenn du magst, kannst du zweimal t\u00e4glich an der gemeinsamen Praxis (sanfte K\u00f6rper u. Energie\u00fcbungen, morgendliche Meditation teilnehmen (der Schwierigkeitsgrad orientiert sich an der Gruppenzusammensetzung, niemand wird \u00fcberfordert) Beginn morgens 06:15 Uhr bis ca. 08:00 Uhr und Abends von 18:00 bis 19:00 Uhr. Die \u00fcbrige Zeit des Tages steht zur freien Verf\u00fcgung!<\/p>\n","protected":false},"excerpt":{"rendered":"<p>Das gro\u00dfe The-Essence Sommerspecial Teil 1\/3<\/p>\n","protected":false},"author":3,"featured_media":1284,"template":"","meta":{"_tribe_events_status":"","_tribe_events_status_reason":"","footnotes":""},"tags":[],"tribe_events_cat":[],"class_list":["post-1591","tribe_events","type-tribe_events","status-publish","has-post-thumbnail","hentry"],"yoast_head":"<!-- This site is optimized with the Yoast SEO plugin v27.5 - https:\/\/yoast.com\/product\/yoast-seo-wordpress\/ -->\n<title>Meditation and practice - The Essence<\/title>\n<meta name=\"robots\" content=\"index, follow, max-snippet:-1, max-image-preview:large, max-video-preview:-1\" \/>\n<link rel=\"canonical\" href=\"https:\/\/www.the-essence.com\/en\/event\/meditation-und-praxis\/\" \/>\n<meta property=\"og:locale\" content=\"en_US\" \/>\n<meta property=\"og:type\" content=\"article\" \/>\n<meta property=\"og:title\" content=\"Meditation and practice - The Essence\" \/>\n<meta property=\"og:description\" content=\"Das gro\u00dfe The-Essence Sommerspecial Teil 1\/3\" \/>\n<meta property=\"og:url\" content=\"https:\/\/www.the-essence.com\/en\/event\/meditation-und-praxis\/\" \/>\n<meta property=\"og:site_name\" content=\"The Essence\" \/>\n<meta property=\"article:modified_time\" content=\"2024-03-06T08:52:57+00:00\" \/>\n<meta property=\"og:image\" content=\"https:\/\/www.the-essence.com\/wp-content\/uploads\/2022\/03\/The-Essence-Yoga-Workshops-Meditation-opt.jpg\" \/>\n\t<meta property=\"og:image:width\" content=\"800\" \/>\n\t<meta property=\"og:image:height\" content=\"800\" \/>\n\t<meta property=\"og:image:type\" content=\"image\/jpeg\" \/>\n<meta name=\"twitter:card\" content=\"summary_large_image\" \/>\n<meta name=\"twitter:label1\" content=\"Est. reading time\" \/>\n\t<meta name=\"twitter:data1\" content=\"1 minute\" \/>\n<script type=\"application\/ld+json\" class=\"yoast-schema-graph\">{\"@context\":\"https:\\\/\\\/schema.org\",\"@graph\":[{\"@type\":\"WebPage\",\"@id\":\"https:\\\/\\\/www.the-essence.com\\\/en\\\/event\\\/meditation-und-praxis\\\/\",\"url\":\"https:\\\/\\\/www.the-essence.com\\\/en\\\/event\\\/meditation-und-praxis\\\/\",\"name\":\"Meditation and practice - The Essence\",\"isPartOf\":{\"@id\":\"https:\\\/\\\/www.the-essence.com\\\/en\\\/#website\"},\"primaryImageOfPage\":{\"@id\":\"https:\\\/\\\/www.the-essence.com\\\/en\\\/event\\\/meditation-und-praxis\\\/#primaryimage\"},\"image\":{\"@id\":\"https:\\\/\\\/www.the-essence.com\\\/en\\\/event\\\/meditation-und-praxis\\\/#primaryimage\"},\"thumbnailUrl\":\"https:\\\/\\\/www.the-essence.com\\\/wp-content\\\/uploads\\\/2022\\\/03\\\/The-Essence-Yoga-Workshops-Meditation-opt.jpg\",\"datePublished\":\"2024-02-20T13:06:04+00:00\",\"dateModified\":\"2024-03-06T08:52:57+00:00\",\"breadcrumb\":{\"@id\":\"https:\\\/\\\/www.the-essence.com\\\/en\\\/event\\\/meditation-und-praxis\\\/#breadcrumb\"},\"inLanguage\":\"en-US\",\"potentialAction\":[{\"@type\":\"ReadAction\",\"target\":[\"https:\\\/\\\/www.the-essence.com\\\/en\\\/event\\\/meditation-und-praxis\\\/\"]}]},{\"@type\":\"ImageObject\",\"inLanguage\":\"en-US\",\"@id\":\"https:\\\/\\\/www.the-essence.com\\\/en\\\/event\\\/meditation-und-praxis\\\/#primaryimage\",\"url\":\"https:\\\/\\\/www.the-essence.com\\\/wp-content\\\/uploads\\\/2022\\\/03\\\/The-Essence-Yoga-Workshops-Meditation-opt.jpg\",\"contentUrl\":\"https:\\\/\\\/www.the-essence.com\\\/wp-content\\\/uploads\\\/2022\\\/03\\\/The-Essence-Yoga-Workshops-Meditation-opt.jpg\",\"width\":800,\"height\":800,\"caption\":\"The Essence of Life \u2013 Schule der Pers\u00f6nlichkeitsentwicklung\"},{\"@type\":\"BreadcrumbList\",\"@id\":\"https:\\\/\\\/www.the-essence.com\\\/en\\\/event\\\/meditation-und-praxis\\\/#breadcrumb\",\"itemListElement\":[{\"@type\":\"ListItem\",\"position\":1,\"name\":\"Startseite\",\"item\":\"https:\\\/\\\/www.the-essence.com\\\/en\\\/\"},{\"@type\":\"ListItem\",\"position\":2,\"name\":\"Events\",\"item\":\"https:\\\/\\\/www.the-essence.com\\\/en\\\/events\\\/\"},{\"@type\":\"ListItem\",\"position\":3,\"name\":\"Meditation and practice\"}]},{\"@type\":\"WebSite\",\"@id\":\"https:\\\/\\\/www.the-essence.com\\\/en\\\/#website\",\"url\":\"https:\\\/\\\/www.the-essence.com\\\/en\\\/\",\"name\":\"The Essence\",\"description\":\"Integrale Schule f\u00fcr formlose Mystik\",\"publisher\":{\"@id\":\"https:\\\/\\\/www.the-essence.com\\\/en\\\/#organization\"},\"potentialAction\":[{\"@type\":\"SearchAction\",\"target\":{\"@type\":\"EntryPoint\",\"urlTemplate\":\"https:\\\/\\\/www.the-essence.com\\\/en\\\/?s={search_term_string}\"},\"query-input\":{\"@type\":\"PropertyValueSpecification\",\"valueRequired\":true,\"valueName\":\"search_term_string\"}}],\"inLanguage\":\"en-US\"},{\"@type\":\"Organization\",\"@id\":\"https:\\\/\\\/www.the-essence.com\\\/en\\\/#organization\",\"name\":\"The Essence\",\"url\":\"https:\\\/\\\/www.the-essence.com\\\/en\\\/\",\"logo\":{\"@type\":\"ImageObject\",\"inLanguage\":\"en-US\",\"@id\":\"https:\\\/\\\/www.the-essence.com\\\/en\\\/#\\\/schema\\\/logo\\\/image\\\/\",\"url\":\"https:\\\/\\\/www.the-essence.com\\\/wp-content\\\/uploads\\\/2021\\\/12\\\/the-essence-logo-3.png\",\"contentUrl\":\"https:\\\/\\\/www.the-essence.com\\\/wp-content\\\/uploads\\\/2021\\\/12\\\/the-essence-logo-3.png\",\"width\":1000,\"height\":417,\"caption\":\"The Essence\"},\"image\":{\"@id\":\"https:\\\/\\\/www.the-essence.com\\\/en\\\/#\\\/schema\\\/logo\\\/image\\\/\"}}]}<\/script>\n<!-- \/ Yoast SEO plugin. -->","yoast_head_json":{"title":"Meditation and practice - The Essence","robots":{"index":"index","follow":"follow","max-snippet":"max-snippet:-1","max-image-preview":"max-image-preview:large","max-video-preview":"max-video-preview:-1"},"canonical":"https:\/\/www.the-essence.com\/en\/event\/meditation-und-praxis\/","og_locale":"en_US","og_type":"article","og_title":"Meditation and practice - The Essence","og_description":"Das gro\u00dfe The-Essence Sommerspecial Teil 1\/3","og_url":"https:\/\/www.the-essence.com\/en\/event\/meditation-und-praxis\/","og_site_name":"The Essence","article_modified_time":"2024-03-06T08:52:57+00:00","og_image":[{"width":800,"height":800,"url":"https:\/\/www.the-essence.com\/wp-content\/uploads\/2022\/03\/The-Essence-Yoga-Workshops-Meditation-opt.jpg","type":"image\/jpeg"}],"twitter_card":"summary_large_image","twitter_misc":{"Est. reading time":"1 minute"},"schema":{"@context":"https:\/\/schema.org","@graph":[{"@type":"WebPage","@id":"https:\/\/www.the-essence.com\/en\/event\/meditation-und-praxis\/","url":"https:\/\/www.the-essence.com\/en\/event\/meditation-und-praxis\/","name":"Meditation and practice - The Essence","isPartOf":{"@id":"https:\/\/www.the-essence.com\/en\/#website"},"primaryImageOfPage":{"@id":"https:\/\/www.the-essence.com\/en\/event\/meditation-und-praxis\/#primaryimage"},"image":{"@id":"https:\/\/www.the-essence.com\/en\/event\/meditation-und-praxis\/#primaryimage"},"thumbnailUrl":"https:\/\/www.the-essence.com\/wp-content\/uploads\/2022\/03\/The-Essence-Yoga-Workshops-Meditation-opt.jpg","datePublished":"2024-02-20T13:06:04+00:00","dateModified":"2024-03-06T08:52:57+00:00","breadcrumb":{"@id":"https:\/\/www.the-essence.com\/en\/event\/meditation-und-praxis\/#breadcrumb"},"inLanguage":"en-US","potentialAction":[{"@type":"ReadAction","target":["https:\/\/www.the-essence.com\/en\/event\/meditation-und-praxis\/"]}]},{"@type":"ImageObject","inLanguage":"en-US","@id":"https:\/\/www.the-essence.com\/en\/event\/meditation-und-praxis\/#primaryimage","url":"https:\/\/www.the-essence.com\/wp-content\/uploads\/2022\/03\/The-Essence-Yoga-Workshops-Meditation-opt.jpg","contentUrl":"https:\/\/www.the-essence.com\/wp-content\/uploads\/2022\/03\/The-Essence-Yoga-Workshops-Meditation-opt.jpg","width":800,"height":800,"caption":"The Essence of Life \u2013 Schule der Pers\u00f6nlichkeitsentwicklung"},{"@type":"BreadcrumbList","@id":"https:\/\/www.the-essence.com\/en\/event\/meditation-und-praxis\/#breadcrumb","itemListElement":[{"@type":"ListItem","position":1,"name":"Startseite","item":"https:\/\/www.the-essence.com\/en\/"},{"@type":"ListItem","position":2,"name":"Events","item":"https:\/\/www.the-essence.com\/en\/events\/"},{"@type":"ListItem","position":3,"name":"Meditation and practice"}]},{"@type":"WebSite","@id":"https:\/\/www.the-essence.com\/en\/#website","url":"https:\/\/www.the-essence.com\/en\/","name":"The Essence","description":"Integrale Schule f\u00fcr formlose Mystik","publisher":{"@id":"https:\/\/www.the-essence.com\/en\/#organization"},"potentialAction":[{"@type":"SearchAction","target":{"@type":"EntryPoint","urlTemplate":"https:\/\/www.the-essence.com\/en\/?s={search_term_string}"},"query-input":{"@type":"PropertyValueSpecification","valueRequired":true,"valueName":"search_term_string"}}],"inLanguage":"en-US"},{"@type":"Organization","@id":"https:\/\/www.the-essence.com\/en\/#organization","name":"The Essence","url":"https:\/\/www.the-essence.com\/en\/","logo":{"@type":"ImageObject","inLanguage":"en-US","@id":"https:\/\/www.the-essence.com\/en\/#\/schema\/logo\/image\/","url":"https:\/\/www.the-essence.com\/wp-content\/uploads\/2021\/12\/the-essence-logo-3.png","contentUrl":"https:\/\/www.the-essence.com\/wp-content\/uploads\/2021\/12\/the-essence-logo-3.png","width":1000,"height":417,"caption":"The Essence"},"image":{"@id":"https:\/\/www.the-essence.com\/en\/#\/schema\/logo\/image\/"}}]}},"_links":{"self":[{"href":"https:\/\/www.the-essence.com\/en\/wp-json\/wp\/v2\/tribe_events\/1591","targetHints":{"allow":["GET"]}}],"collection":[{"href":"https:\/\/www.the-essence.com\/en\/wp-json\/wp\/v2\/tribe_events"}],"about":[{"href":"https:\/\/www.the-essence.com\/en\/wp-json\/wp\/v2\/types\/tribe_events"}],"author":[{"embeddable":true,"href":"https:\/\/www.the-essence.com\/en\/wp-json\/wp\/v2\/users\/3"}],"version-history":[{"count":1,"href":"https:\/\/www.the-essence.com\/en\/wp-json\/wp\/v2\/tribe_events\/1591\/revisions"}],"predecessor-version":[{"id":1595,"href":"https:\/\/www.the-essence.com\/en\/wp-json\/wp\/v2\/tribe_events\/1591\/revisions\/1595"}],"wp:featuredmedia":[{"embeddable":true,"href":"https:\/\/www.the-essence.com\/en\/wp-json\/wp\/v2\/media\/1284"}],"wp:attachment":[{"href":"https:\/\/www.the-essence.com\/en\/wp-json\/wp\/v2\/media?parent=1591"}],"wp:term":[{"taxonomy":"post_tag","embeddable":true,"href":"https:\/\/www.the-essence.com\/en\/wp-json\/wp\/v2\/tags?post=1591"},{"taxonomy":"tribe_events_cat","embeddable":true,"href":"https:\/\/www.the-essence.com\/en\/wp-json\/wp\/v2\/tribe_events_cat?post=1591"}],"curies":[{"name":"wp","href":"https:\/\/api.w.org\/{rel}","templated":true}]}}

<p><strong>Ich feiere meinen spirituellen Geburtstag</strong></p>
<p>Ein Ereignis, das du unbedingt in deiner Urlaubsplanung berücksichtigen solltest!<br />
Zu dieser Feier möchte ich all meine Freunde einladen. Meine Vision ist, zu diesem besonderen Anlass mit euch gemeinsam eine Umgebung schaffen, in der wir uns kennenlernen, treffen und austauschen können; in der wir feiern und Kontakte schmieden können. Alle sind eingeladen, der Eintritt frei!<br />
Einige von Euch kommen sicher von weither. Es muss sich also auch lohnen. So wird es um diesen Termin, dem 23.08.2024 herum, eine Reihe spannender Angebote, Retreats, Workshops usw. geben, die einen Eindruck davon vermitteln sollen, was hier in zwei Jahrzehnten, intensiver Entwicklung so alles entstanden ist.<br />
Sämtliche Veranstaltungen sind kostenlos bzw. auf Spendenbasis. (Um deine Anmeldung verbindlich zu machen, entrichtest du pro gewähltem Seminarteil (1,2 oder 3) eine Anmeldegebühr von 200 €. Der Betrag wird nach der Teilnahme zurückerstattet)</p>
<p><strong>Teil 1: Eine Woche gemeinsame Meditation und Praxis </strong></p>
<p>Das praktizieren in einer Gemeinschaft ist für deine Entwicklung von außergewöhnlichem Wert. Insofern bietet sich diese ganz besondere Chance. Wenn du noch nicht hier bist, miete dich in Waldmünchen ein (wenn du eine günstige Unterkunft suchst bitte melden &#8211; ich habe einige reserviert) Wenn du magst, kannst du zweimal täglich an der gemeinsamen Praxis (sanfte Körper u. Energieübungen, morgendliche Meditation teilnehmen (der Schwierigkeitsgrad orientiert sich an der Gruppenzusammensetzung, niemand wird überfordert) Beginn morgens 06:15 Uhr bis ca. 08:00 Uhr und Abends von 18:00 bis 19:00 Uhr. Die übrige Zeit des Tages steht zur freien Verfügung!</p>

<p>Das große The-Essence Sommerspecial Teil 1/3</p>

<!-- This site is optimized with the Yoast SEO plugin v27.5 - https://yoast.com/product/yoast-seo-wordpress/ -->
<title>Meditation and practice - The Essence</title>
<meta name="robots" content="index, follow, max-snippet:-1, max-image-preview:large, max-video-preview:-1" />
<link rel="canonical" href="https://www.the-essence.com/en/event/meditation-und-praxis/" />
<meta property="og:locale" content="en_US" />
<meta property="og:type" content="article" />
<meta property="og:title" content="Meditation and practice - The Essence" />
<meta property="og:description" content="Das große The-Essence Sommerspecial Teil 1/3" />
<meta property="og:url" content="https://www.the-essence.com/en/event/meditation-und-praxis/" />
<meta property="og:site_name" content="The Essence" />
<meta property="article:modified_time" content="2024-03-06T08:52:57+00:00" />
<meta property="og:image" content="https://www.the-essence.com/wp-content/uploads/2022/03/The-Essence-Yoga-Workshops-Meditation-opt.jpg" />
	<meta property="og:image:width" content="800" />
	<meta property="og:image:height" content="800" />
	<meta property="og:image:type" content="image/jpeg" />
<meta name="twitter:card" content="summary_large_image" />
<meta name="twitter:label1" content="Est. reading time" />
	<meta name="twitter:data1" content="1 minute" />
<script type="application/ld+json" class="yoast-schema-graph">{"@context":"https:\/\/schema.org","@graph":[{"@type":"WebPage","@id":"https:\/\/www.the-essence.com\/en\/event\/meditation-und-praxis\/","url":"https:\/\/www.the-essence.com\/en\/event\/meditation-und-praxis\/","name":"Meditation and practice - The Essence","isPartOf":{"@id":"https:\/\/www.the-essence.com\/en\/#website"},"primaryImageOfPage":{"@id":"https:\/\/www.the-essence.com\/en\/event\/meditation-und-praxis\/#primaryimage"},"image":{"@id":"https:\/\/www.the-essence.com\/en\/event\/meditation-und-praxis\/#primaryimage"},"thumbnailUrl":"https:\/\/www.the-essence.com\/wp-content\/uploads\/2022\/03\/The-Essence-Yoga-Workshops-Meditation-opt.jpg","datePublished":"2024-02-20T13:06:04+00:00","dateModified":"2024-03-06T08:52:57+00:00","breadcrumb":{"@id":"https:\/\/www.the-essence.com\/en\/event\/meditation-und-praxis\/#breadcrumb"},"inLanguage":"en-US","potentialAction":[{"@type":"ReadAction","target":["https:\/\/www.the-essence.com\/en\/event\/meditation-und-praxis\/"]}]},{"@type":"ImageObject","inLanguage":"en-US","@id":"https:\/\/www.the-essence.com\/en\/event\/meditation-und-praxis\/#primaryimage","url":"https:\/\/www.the-essence.com\/wp-content\/uploads\/2022\/03\/The-Essence-Yoga-Workshops-Meditation-opt.jpg","contentUrl":"https:\/\/www.the-essence.com\/wp-content\/uploads\/2022\/03\/The-Essence-Yoga-Workshops-Meditation-opt.jpg","width":800,"height":800,"caption":"The Essence of Life – Schule der Persönlichkeitsentwicklung"},{"@type":"BreadcrumbList","@id":"https:\/\/www.the-essence.com\/en\/event\/meditation-und-praxis\/#breadcrumb","itemListElement":[{"@type":"ListItem","position":1,"name":"Startseite","item":"https:\/\/www.the-essence.com\/en\/"},{"@type":"ListItem","position":2,"name":"Events","item":"https:\/\/www.the-essence.com\/en\/events\/"},{"@type":"ListItem","position":3,"name":"Meditation and practice"}]},{"@type":"WebSite","@id":"https:\/\/www.the-essence.com\/en\/#website","url":"https:\/\/www.the-essence.com\/en\/","name":"The Essence","description":"Integrale Schule für formlose Mystik","publisher":{"@id":"https:\/\/www.the-essence.com\/en\/#organization"},"potentialAction":[{"@type":"SearchAction","target":{"@type":"EntryPoint","urlTemplate":"https:\/\/www.the-essence.com\/en\/?s={search_term_string}"},"query-input":{"@type":"PropertyValueSpecification","valueRequired":true,"valueName":"search_term_string"}}],"inLanguage":"en-US"},{"@type":"Organization","@id":"https:\/\/www.the-essence.com\/en\/#organization","name":"The Essence","url":"https:\/\/www.the-essence.com\/en\/","logo":{"@type":"ImageObject","inLanguage":"en-US","@id":"https:\/\/www.the-essence.com\/en\/#\/schema\/logo\/image\/","url":"https:\/\/www.the-essence.com\/wp-content\/uploads\/2021\/12\/the-essence-logo-3.png","contentUrl":"https:\/\/www.the-essence.com\/wp-content\/uploads\/2021\/12\/the-essence-logo-3.png","width":1000,"height":417,"caption":"The Essence"},"image":{"@id":"https:\/\/www.the-essence.com\/en\/#\/schema\/logo\/image\/"}}]}</script>
<!-- / Yoast SEO plugin. -->

Das große The-Essence Sommerspecial Teil 1/3

The Essence of Life – Schule der Persönlichkeitsentwicklung

Integrale Schule für formlose Mystik
